). Let z = -9 - w. Suppose 0 = z*s - 470 - 455. Is s prime?
False
Suppose -7*r + 3*r = -48. Let f be (-507)/(-4) + (-9)/r. Let z = f + 1. Is z a composite number?
False
Let t(v) = -1 - v**2 - 66*v**3 - 3*v + 35*v**3 + v. Suppose -2*i - 1 = -i. Is t(i) prime?
True
Suppose -2*p + 6*y - 10*y = -6818, 0 = 4*p - 5*y - 13701. Is p a prime number?
False
Let p(j) = -j + 4. Let h be p(0). Let s(f) = 55 - h*f + 2*f + 4*f - f. Is s(0) a prime number?
False
Let k be (-535)/(-1)*72/20. Suppose -4*c + h = -6*c + 1951, -k = -2*c + 4*h. Is c prime?
False
Let k(d) = d + 7. Let n(a) = -1. Let q(c) = k(c) - 3*n(c). Let y be q(-5). Suppose -5*p = 5*j - 1045, -p + y*p - 836 = -2*j. Is p a composite number?
True
Let t be 0*(1 + 15/(-10)). Suppose 3*b = -b + m + 741, t = -5*b + m + 926. Is b prime?
False
Suppose 0 = 5*y - 7*y + 4. Is (11/y + -4)*478 a composite number?
True
Let u = 12 - 13. Let n be (2 - 3)/u + 2. Suppose -s - w + n*w + 81 = 0, s = -3*w + 101. Is s composite?
False
Let w be (459965/(-10))/(-11)*2. Suppose 0*u + 4*u - 11158 = o, 0 = -3*u - 2*o + w. Is u a prime number?
True
Suppose -z + 155 = 3. Suppose z = 3*v + 5*v. Is v composite?
False
Let m be (-1005)/(-195) - 2/52*4. Suppose 3*z = -3*p + 1014, -m*p = -2*z + z - 1666. Is p a prime number?
False
Suppose b - 156 = -12*b. Let a(z) be the third derivative of z**6/120 - 7*z**5/60 - 3*z**4/8 + 11*z**3/6 + 2*z**2. Is a(b) prime?
False
Let i(c) = -2*c + 16. Let o be i(8). Suppose -5*a + 104 + 491 = o. Is a a prime number?
False
Let t = -14160 + 19939. Is t a prime number?
True
Let h be 0 - (-4 - (-8 + 4)). Suppose h = 9*k - 107669 + 324101. Is k/(-57) + 4/38 composite?
True
Is 88554/(-8)*9/(27/(-4)) composite?
False
Let r(g) = 2*g + 4. Let f be r(-2). Let h(o) = o**3 + o + 10. Is h(f) a prime number?
False
Is (1427060/(-90))/((-2)/9) prime?
True
Suppose -2*k + 4 = -6. Suppose -k*p + 56 = -4*f, -2*p - 70 = 5*f - 4*p. Is 1 - 15/3 - f prime?
False
Let f = 125 + -185. Let b = -14 - f. Let a = b + 73. Is a prime?
False
Suppose -35 = -8*j + 13. Let x(c) = 2*c**3 - 3*c**2 + 2*c + 5. Is x(j) a composite number?
True
Suppose -3*f = -4*n + 17, 5*f = -n + 4 + 6. Is 2913/n - (3/5 + -1) composite?
True
Let n = 28 + -12. Let g be 6557/3 - n/24. Suppose -5*q = -r + 4*r - g, -4*q - r = -1748. Is q composite?
True
Suppose 0 = w + 2 - 6. Let s = 11 - 7. Suppose 0 = -3*l + 4*p + 937, 1696 = w*l - s*p + 452. Is l a composite number?
False
Let o be 265 - (-3 - (1 - 5)). Let q = o - 107. Is q a prime number?
True
Let o = 15 - 25. Is (-2572)/o - (-3)/(-15) a prime number?
True
Let t(i) = 0*i**3 - 2*i**3 - 2 + 3*i**3 + 8*i**2 - 13*i + 1. Let o be (-19)/2 + (-1)/(-2). Is t(o) prime?
False
Let d be 1 + -4 + 5 + 10. Let u(c) = 15*c**2 + 0 - 2*c**2 + d*c**2 - 2 - 4*c. Is u(-3) a composite number?
True
Is 472/(-152) - (-8)/76 - -11582 a prime number?
True
Suppose 2*q + 5*d = -0*q + 2638, 5*q = d + 6595. Is q composite?
False
Let n(o) = 15*o**2 - 3*o - 4. Let u(j) = 2*j**2 + 4*j + 4. Let i be u(-2). Let w be n(i). Suppose -t - w = -r - 3, -2*t = -4. Is r a composite number?
False
Let s(b) = 100*b**2 - 34*b + 7. Is s(10) a composite number?
True
Let q = -7 - -23. Let p = q + -30. Is (-74)/(-4) - 7/p prime?
True
Is (26/(-91) - (-3)/(-63))*-49683 prime?
True
Is 96240 + 16 + (-8 - -3) a prime number?
False
Let q(g) = -6*g**3 + 17*g**2 - 15*g + 10. Let l be q(-12). Suppose -7*k = -l + 1407. Is k prime?
True
Is 30566/8 - (-15)/60 prime?
True
Let i be (-5)/90*-4 - 2/9. Suppose 5*d + 96 - 2071 = i. Is d a prime number?
False
Suppose 904837 + 38072 = 11*d. Is d a composite number?
True
Let m(s) = 310*s - 93. Is m(5) composite?
True
Let d be (8/(-6))/1*234. Suppose -2*k - 969 + 55 = 0. Let l = d - k. Is l composite?
True
Suppose 3*m - 2254 - 985 = -5*q, -3*m = -q + 655. Is q a prime number?
False
Let m be ((-135)/162)/(2/(-12)). Suppose -i - m*h = -377, 3*i = 4*i + 3*h - 379. Is i composite?
True
Suppose 35*x - 5699 = 5816. Is x composite?
True
Suppose 0 = 2*o - 1 - 1. Let b(t) be the third derivative of 211*t**6/120 + t**4/24 - t**3/6 + 4*t**2. Is b(o) prime?
True
Suppose -5 = 3*s - 35. Suppose 5*q + 5*n = 0, n = -q + 5*n + s. Is (12 + q)*(-17)/(-2) a prime number?
False
Let h(l) = -3*l + 33. Let p be h(11). Is -1 + 614 - p*(-3)/6 composite?
False
Let y be ((-6)/4 - (-9)/18)*-210. Let w(i) = 512*i**2 + i. Let n be w(-1). Let l = n - y. Is l composite?
True
Let c(p) = 217*p**2 + 13*p - 29. Is c(6) prime?
False
Let y(h) = h**3 - 9*h**2 + 2. Let b be y(9). Let w(a) = -4*a - 2. Let v be w(b). Let t = 35 + v. Is t prime?
False
Let b(p) = -p**3 + 0*p**2 - 2 + 8*p - 3*p**2 - 5*p. Let s be b(-9). Suppose -2*c + 1839 = s. Is c a composite number?
False
Suppose 5*a - 2*k = 8*a - 390, -5*a + 628 = -4*k. Suppose -531 = q - 4*q. Suppose 5*u = -4*o - 0*o + q, u = 3*o - a. Is o a prime number?
True
Suppose 3*n = -3*n + 42. Suppose n*b - 9*b - 170 = 0. Is b/3*(-27 + 24) prime?
False
Suppose 7336 = 4*m - 3*a, 5*m + 18*a - 9169 = 22*a. Is m prime?
False
Let j be (-12)/(-8) - 195/(-6). Let n = -76 - -135. Let p = n - j. Is p composite?
True
Suppose -317867 - 41311 = -6*q. Is q a composite number?
False
Let f(r) = -265*r + 91. Is f(-4) prime?
True
Suppose c + 7 = 5*n, 5*n - 4*c + 1 + 1 = 0. Let h(j) = -15 - j**3 - 9*j - 12*j**2 - 5*j**2 + 5*j**n. Is h(-13) composite?
False
Suppose 30524 = 5*j + 1449. Suppose 11*r = 16*r - j. Is r composite?
False
Let s(k) = k**3 - 6*k**2 + 8*k - 12. Let m be s(5). Let c(d) = -136*d - 2. Let j be c(-3). Suppose t = m*t - j. Is t a prime number?
False
Suppose -100*x + 103*x - 21531 = 0. Is x a prime number?
True
Let u be ((-46)/(-15)*9)/((-5)/(-375)). Let a = -997 + u. Is a a composite number?
True
Suppose -3*p - 20 = -8*p. Is p/6 - (-1443)/9 a composite number?
True
Let l(i) = -i**2 - 446*i**3 - 2*i**2 - 29*i - 3 + i**2 + 26*i. Is l(-2) a prime number?
False
Let a(w) = 3*w**2 + 17*w + 10. Let f be a(-5). Let i(m) = m**2 - m + 2651. Is i(f) a prime number?
False
Let g(l) be the second derivative of 1/12*l**4 + 5/2*l**2 + 0 - 10*l - 4/3*l**3. Is g(10) composite?
True
Let a(u) be the first derivative of 124*u**3/3 + 3*u**2/2 - 3*u + 7. Is a(4) a composite number?
False
Let i(c) = -5*c**3 - 7*c**2 + 49*c + 17. Is i(-13) a prime number?
False
Suppose 0 = 5*g - 3*h - 572, g - 4*h - 571 = -4*g. Let n = 426 + -874. Let q = g - n. Is q prime?
True
Suppose -500 = -0*q - 5*q. Suppose 3*s = q + 269. Suppose -2*g = -g - s. Is g a composite number?
True
Let m = 91 + -94. Is (-363)/m + (-2 - 0) a prime number?
False
Suppose -i + 3 = -0. Suppose -2*p - 382 = -4*w, 0*p - 299 = -i*w + 4*p. Let v = -62 + w. Is v composite?
False
Suppose 38420 = 13*a + 5881. Is a a composite number?
False
Let o be 0 + 5900/(-3 - -5). Let t = -1350 + o. Suppose -495 - t = -5*c. Is c a composite number?
False
Suppose 3*w = 2*c - 4840, 5*w + 12087 = 5*c + 4*w. Is c a prime number?
True
Let v(y) = -y**2 + 15*y + 37. Let b be v(17). Is ((1 - 1) + 59)*(4 + b) a composite number?
True
Suppose -4*p - 33 + 29 = 0. Is (4/4*1)/(p/(-541)) prime?
True
Suppose 4*x - 6 = 3*f + 8, x = 5*f + 12. Is (3 - (-3 - -3)) + x*438 a prime number?
False
Let l(y) = -y**2 - 28*y - 22. Let b be l(-27). Suppose b*s = 4*s + 2333. Is s a prime number?
True
Let m be (2/6)/(1/3). Let o = m + 21. Is (-36)/198 + 8958/o prime?
False
Suppose 9*r - 7619 - 13432 = 0. Is r a composite number?
False
Suppose -3*l + v + 9 = 0, v = -5*l - 0 + 7. Suppose l*n = n + 2. Suppose x + 295 = n*x. Is x prime?
False
Suppose -27*z + 30*z = 273765. Is z composite?
True
Let p = 16 + -22. Is (892/p)/(8/(-12)) a prime number?
True
Suppose -5*s = -4*s - 2. Let n be ((-2)/(-2) + 7)/s. Suppose -5*b + 2*l = -1585, 1012 = 3*b - n*l + 61. Is b prime?
True
Let r be (2 + 12)*(5 + -4). Let k(a) = -16 - 13*a**2 + a**3 - 4*a - 3 - 6*a + 0*a. Is k(r) prime?
True
Let n(o) = o**3 - 5*o**2 + 4*o + 5. Let v be n(4). Suppose -v*j + j = -20. Suppose 2*w = -5*c + 109, -j*c = -3*w - 2*c + 216. Is w prime?
True
Suppose -22*o + 35889 = -25205. Is o a prime number?
True
Let r be 5/2*-4*1. Let x = r + 8. Let h(q) = 37*q**2 - q - 1. Is h(x) composite?
False
Let w(f) = 8*f**2 + 4*f - 9. Let z be w(-6). Suppose 4*d - z = -5*m, -218 = -5*d + 4*m + 111. Is d a composite number?
True
Suppose 9*t - 5*b + 39050 = 14*t, -4*b = -12. Is t prime?
False
Le